ivisor of g and 44?
11
Suppose 0 = n - 1, 3 = -3*h + 5*n + 4. Let x be (3 - 3) + h + 6. Let p be 27/6 - (-1)/(-2). Calculate the highest common factor of p and x.
4
Let c = 6 + -1. Let k be 437/c + 14/(-35). What is the highest common factor of 29 and k?
29
Let s = -32 + 50. Calculate the highest common factor of 9 and s.
9
Let h = -359 + 203. Let o = -108 - h. Suppose 2*g + o = 5*g. Calculate the highest common factor of g and 4.
4
Suppose k - 20 - 2 = 0. Let o be ((-3)/6)/(4/(-24)). Let n be (-2)/(o/(-3)) - 0. What is the highest common factor of n and k?
2
Let d(u) = u**2 + 13*u - 16. Let y be d(-15). Let h(a) = -6*a - 3. Let l be h(-4). What is the highest common factor of l and y?
7
Let y(u) = u**3 - 14*u**2 + 16*u - 21. Let m be y(13). Calculate the greatest common factor of 45 and m.
9
Let w be 4/24 - (-298)/12. Let o = w + -15. What is the highest common divisor of 20 and o?
10
Suppose 0 = -2*t - 4 + 10. Let v be 2/(-7) + 74/14. Let u be (12/(-10))/((-2)/v). Calculate the highest common factor of t and u.
3
Let y be (-2272)/(-18) + 8/(-36). Let q(r) = r + 12. Let g be q(-12). Let x be (-17 + 3)*(g + -1). Calculate the highest common divisor of x and y.
14
Let v(r) = r**3 - 3*r**2 - 3*r + 5. Let c be v(5). Let f = 17 - 5. Suppose -3*w + 0 = -i - 1, 0 = 3*i - 4*w - f. What is the highest common divisor of c and i?
8
Let c(f) = f**3 - 7*f**2 + 8*f - 6. Let j be c(6). Suppose 2*t = 124 + j. Let i = 12 - -14. Calculate the greatest common factor of t and i.
13
Suppose 3*p - 8*p = -115. Calculate the highest common factor of 115 and p.
23
Let c(h) = h**2 - 5*h + 5. Let j be c(-5). Calculate the highest common divisor of 5 and j.
5
Let q be (0 + -44)*(-10 + 7). What is the highest common divisor of q and 12?
12
Let d(o) = -o**3 - 5*o**2 - 5*o - 6. Let k be d(-4). Let w be (-4)/(-1) + k + 2. Let a = -6 - -50. Calculate the greatest common divisor of w and a.
4
Let j(r) = r**3 - 8*r**2 + 9*r - 9. Let i be j(7). Let k = -7 + i. Let o = k + 3. Calculate the greatest common factor of o and 3.
1
Suppose 4*p + 5*p = 765. Calculate the highest common divisor of 17 and p.
17
Suppose u = 4*v - 9*v + 40, -3*u + 15 = 0. Calculate the highest common factor of 63 and v.
7
Let r = 61 + -33. Suppose 5*w - r = w. What is the highest common factor of w and 21?
7
Let c(t) = t**2 + t - 16. Let l be c(0). Let v be (15/6)/((-1)/l). Calculate the highest common factor of 5 and v.
5
Let m(p) = 2*p**2 + 2*p. Suppose 0*d - 5*d - 10 = 0. Let l be m(d). Calculate the greatest common factor of l and 8.
4
Let m(p) = -3*p**3 - p**2 - 4. Suppose 3*k + 0*w + 11 = 2*w, 0 = 5*k - 2*w + 17. Let x be m(k). What is the greatest common divisor of x and 17?
17
Suppose 6*m + 39 - 105 = 0. What is the greatest common divisor of 198 and m?
11
Let y(h) = h - 2. Let w be y(6). Let n(r) = r**3 - r**2 - 6*r + 4. Let q be n(w). Calculate the greatest common factor of 7 and q.
7
Let c be (32 - 27) + 1*4. Suppose -r = -0*r - 99. Calculate the greatest common divisor of r and c.
9
Let f = -5 + 9. Calculate the greatest common factor of 2 and f.
2
Let x be (-3)/18 - 170/(-12). Suppose 0*q = -q + 91. Suppose 0 = 2*l - q + 21. Calculate the highest common factor of l and x.
7
Let n = -4 - -9. Let r(v) = 10*v + 6. Let t be r(n). What is the highest common divisor of 8 and t?
8
Suppose -3*b = -f - 3*f + 96, -f = -b - 24. Calculate the greatest common divisor of f and 36.
12
Suppose -7*v = -3*v - 48. Calculate the greatest common divisor of v and 108.
12
Suppose 4*b - 16 = 112. Calculate the highest common divisor of b and 256.
32
Let d(w) = w**2 - w + 7. Let j be d(-2). Calculate the highest common factor of 52 and j.
13
Let g(q) be the third derivative of q**5/20 - 3*q**4/8 - 4*q**3/3 - q**2. Let d be g(7). Let p = -52 + d. Calculate the highest common factor of p and 3.
3
Let f be -2 + 1 - -2 - -1. Suppose 0 = f*j - 7*j. Suppose -2*a + 7 + 1 = j. Calculate the highest common divisor of a and 20.
4
Suppose k + 3*k - 4*u = 44, 0 = -3*u - 15. What is the greatest common divisor of 30 and k?
6
Suppose -5*b = -3*t - 3*b + 122, -3*t = b - 128. Suppose -12 - 44 = -4*l. What is the greatest common divisor of t and l?
14
Suppose 19 + 56 = -5*l. Let b be 1/(-1) - (l - -2). What is the greatest common factor of 96 and b?
12
Suppose 0 = -4*f + 3*l + 557, -5*f + 319 + 376 = -5*l. What is the highest common factor of 28 and f?
28
Let k be (-272)/((-6 - -18)/(-6)). Let q be (-2)/(-8) - (-67)/4. Calculate the greatest common divisor of q and k.
17
Suppose 5*g - 13 = -3*k - 64, 2*g + 16 = k. Let o(q) = -q - 4. Let l be o(g). What is the highest common factor of 1 and l?
1
Let j(x) = 3*x**2 - 4*x**2 + 4 + 0*x**3 - x**3 + x. Let q be j(0). What is the highest common factor of q and 1?
1
Suppose -f + 163 + 67 = 0. Suppose 3*x = 3*b - f + 647, 25 = -5*x. Let c = 296 + b. Calculate the highest common factor of 19 and c.
19
Suppose 19 + 6 = 2*p - 5*f, 5*p = f + 51. Calculate the highest common divisor of 10 and p.
10
Suppose 6 = 2*j, -3*g + 15 = -j + 4*j. Suppose -g*v = 3*v + 110. Let b = -15 - v. What is the greatest common divisor of 14 and b?
7
Let r(q) = -6*q**3 - 3*q**2 + 2*q - 4. Let d be r(-3). Calculate the highest common divisor of 25 and d.
25
Suppose -j + 111 = 5*p, -5*j + 0*p + p + 451 = 0. Let x(v) = v**3 - 3*v**2 - 7*v - 2. Let w be x(5). Calculate the highest common divisor of j and w.
13
Let k = -2 + 11. Suppose k = -0*d + 3*d. Let n(y) = y**2 - y + 4. Let w be n(d). Calculate the greatest common divisor of w and 70.
10
Suppose -5*m - 22 = -i + 36, i = -2*m + 30. Suppose -2*f - 240 = -278. Calculate the highest common divisor of f and i.
19
Suppose 10 = 5*m - 0*m. Let y be (-60)/(-8) - m/4. Calculate the highest common divisor of y and 56.
7
Suppose 5*f = 3 + 7. Suppose 0 = -0*x + x. Suppose -3*g - 2*g + 80 = x. What is the highest common factor of g and f?
2
Let z(u) = u - 1. Let w be z(5). Suppose -5*r + w*f = -30, r - 5*f - 12 = -r. Calculate the highest common divisor of r and 15.
3
Suppose 0 = j + j - 16. Suppose 4*a - 2*a - 4 = 0. Let g = a - 1. What is the highest common factor of g and j?
1
Suppose -12 = 4*a, 3*y - 24 + 0 = -3*a. What is the highest common factor of 1 and y?
1
Let j = 9 - 3. Suppose f + 660 = j*f. Suppose 0 = -4*s + 3*h - 0*h + 48, 2*h = s - 12. What is the highest common divisor of f and s?
12
Let h(f) = 6*f**2 + 3*f. Let z be h(-3). Let y = -18 + z. What is the greatest common divisor of y and 18?
9
Suppose 6*b + 3*x - 141 = 2*b, 145 = 4*b - x. What is the highest common divisor of b and 54?
18
Let c(f) = 5*f**3 + f**2 + f - 1. Let n be c(1). Suppose 0 = -2*y + 18 - n. Calculate the greatest common divisor of y and 18.
6
Let v = -208 + 223. Let q = -2 + 7. Calculate the greatest common divisor of v and q.
5
Let o(d) = 5*d**3 - 2*d**2 - 3*d. Let q = 2 + 1. Let i be o(q). Let k = -17 + 29. What is the greatest common divisor of i and k?
12
Suppose -4*h + 387 = 3*y, -2*h + 4*y + 210 = -0*h. What is the highest common divisor of 9 and h?
9
Let x(y) = y**3 + 5*y**2 - 7*y - 6. Let g be x(-6). Suppose -5*i + 3*u + 270 = g, 50 = 2*i - 2*u - 58. Calculate the highest common factor of i and 18.
18
Let n be ((-58)/6 + 3)*-3. Let x be (n/14)/(1/7). What is the greatest common divisor of 2 and x?
2
Suppose 11*q - 6 - 60 = 0. What is the highest common divisor of 3 and q?
3
Let u = -122 - -76. Let r = 91 + u. Calculate the highest common factor of r and 30.
15
Suppose -5*c + 4 = -4*c. What is the greatest common divisor of c and 8?
4
Suppose -4*p + 4 + 10 = 2*i, i + 3*p - 4 = 0. Let l be 1*2 - (i - 46). What is the highest common factor of l and 14?
7
Let q = -16 - -19. Suppose 5*x + 3*o - 472 = 0, q*x + 0*x - 287 = 2*o. Calculate the greatest common divisor of x and 38.
19
Let a(l) = 2*l**2 + 3*l - 2. Let x be a(4). Let w = 122 - x. Calculate the greatest common divisor of 10 and w.
10
Let d(x) = -x + 8. Let g be d(6). Let o = -107 + 115. What is the greatest common factor of o and g?
2
Suppose -2*r - 12 = -0*r. Let x(q) = q**3 + 6*q**2 - 3*q + 7. Let h be x(r). Calculate the greatest common factor of h and 10.
5
Suppose k = 24 - 4. Let s = k + -12. What is the highest common divisor of 4 and s?
4
Suppose 6*g - 84 = -30. Calculate the highest common divisor of 18 and g.
9
Suppose -16